r(1)?
-17
Let w(m) = -4*m**2 - 151*m + 27. Give w(-38).
-11
Let m(u) = -6*u**3 - 115*u**2 - 219*u + 40. What is m(-17)?
6
Let j(s) = 887*s - 8875. What is j(10)?
-5
Let f(m) = -3*m**3 + 55*m**2 - 81*m + 229. Determine f(17).
8
Let r(i) = -2436*i + 4880. Give r(2).
8
Let w(k) = -46*k + 4691. What is w(102)?
-1
Let p(q) = 4*q**2 - 26*q + 5. What is p(12)?
269
Let g(m) = m**3 - 13*m**2 - 4*m + 190. Give g(12).
-2
Let x(b) = 2*b**2 + 54*b + 53. What is x(-1)?
1
Let x(c) = -39*c**2 + 386*c - 1. Calculate x(10).
-41
Let j(r) = r**2 - 25*r + 130. What is j(7)?
4
Let y(s) = -2*s - 10. Determine y(14).
-38
Let u(z) = 35*z**2 - 24*z + 9. What is u(0)?
9
Let v(l) = 40*l**2 - 309*l - 83. Calculate v(8).
5
Let a(m) = m**3 - 27*m**2 - 72*m + 226. Give a(29).
-180
Let u(j) = -64*j - 112. Give u(-5).
208
Let b(u) = -40*u**3 + 3*u**2 + u - 2. What is b(-2)?
328
Let z(d) = -d**3 + 12*d**2 + 62*d - 726. Give z(12).
18
Let z(a) = -a**3 + 54*a**2 - 307*a + 7850. What is z(51)?
-4
Let v(n) = -1065*n + 8498. Calculate v(8).
-22
Let f(q) = -77*q + 1039. Determine f(13).
38
Let l(a) = -a**2 - 5598*a - 105996. What is l(-19)?
5
Let y(c) = c**2 + 5*c - 31. Calculate y(3).
-7
Let l(c) = c + 173. Give l(-86).
87
Let i(w) = -1011*w - 110202. Give i(-109).
-3
Let i(y) = -y**3 + 284*y**2 - 1124*y + 1035. Determine i(280).
-85
Let v(r) = -r**3 - 24*r**2 - 11*r + 270. Give v(-23).
-6
Let t(f) = -f**3 - 50*f**2 - 13*f - 619. What is t(-50)?
31
Let w(l) = -l**2 + 164*l - 1910. What is w(11)?
-227
Let x(n) = n**3 - 31*n**2 - 19*n - 364. Give x(32).
52
Let n(k) = -3*k**2 - 2*k + 35. Calculate n(4).
-21
Let x(y) = -y**2 + 91*y - 789. Determine x(9).
-51
Let g(h) = -29*h**2 + 16*h - 26. Determine g(2).
-110
Let s(i) = -i**3 - 12*i**2 - 3*i + 11. Calculate s(-7).
-213
Let i(r) = r**3 - 38*r**2 + 210*r - 1512. Give i(33).
-27
Let p(f) = 3*f**2 - 5*f - 59. Give p(6).
19
Let p(s) = -7*s**2 + 131*s - 46. Determine p(19).
-84
Let r(q) = -q**3 - 13*q**2 + 19*q - 9. Give r(-14).
-79
Let o(y) = -32*y**2 - 963*y - 75. Give o(-30).
15
Let r(c) = c**3 + 54*c**2 + 153*c + 33. Determine r(-51).
33
Let d(t) = 50*t + 1865. What is d(-36)?
65
Let v(u) = -2*u**2 + 163*u + 36. What is v(82)?
-46
Let t(a) = 3*a**2 - 27*a - 339. Determine t(17).
69
Let z(c) = 20*c + 307. What is z(-15)?
7
Let l(v) = 35*v**2 + 167*v + 5. What is l(-1)?
-127
Let h(x) = -x**2 - 13*x + 29. Calculate h(-13).
29
Let n(q) = -278*q + 17228. Determine n(62).
-8
Let w(o) = 43*o - 3313. Determine w(77).
-2
Let r(x) = -450*x - 9457. What is r(-21)?
-7
Let t(v) = -6*v**3 + 66*v**2 - v + 31. Determine t(11).
20
Let d(t) = -t**2 + 33*t - 271. Give d(15).
-1
Let l(o) = 14*o**3 - 4*o**2 + 8*o + 22. Determine l(-2).
-122
Let x(k) = 184*k + 8470. Determine x(-46).
6
Let o(j) = -j**3 + 19*j**2 - 88*j - 22. Give o(8).
-22
Let d(l) = -23*l**2 - 230*l + 1. Calculate d(-10).
1
Let t(b) = -b**3 - 32*b**2 + 5*b + 162. What is t(-32)?
2
Let l(d) = -62*d + 42. Give l(-6).
414
Let q(v) = -58*v + 2378. What is q(41)?
0
Let h(n) = 54*n + 222. Give h(-4).
6
Let t(b) = -2*b**2 + 2*b + 22. What is t(8)?
-90
Let h(u) = 7*u**3 + 10*u**2 - 30*u - 86. What is h(-3)?
-95
Let z(p) = 213*p**2 - 4*p + 1. Calculate z(1).
210
Let j(f) = -9*f + 36. Calculate j(5).
-9
Let x(v) = v**3 - 40*v**2 + 169*v + 206. Determine x(35).
-4
Let c(a) = -13*a**2 + 42*a + 17. Give c(5).
-98
Let n(d) = 50*d + 339. Determine n(-6).
39
Let f(y) = -3*y**2 - 41*y - 45. What is f(-12)?
15
Let x(u) = -u**3 + 12*u**2 - 41*u + 139. Determine x(9).
13
Let g(v) = 50*v - 2501. Determine g(50).
-1
Let a(w) = -30*w + 391. Determine a(16).
-89
Let u(l) = l**2 + 6*l - 74. Give u(12).
142
Let b(h) = 458*h - 9167. What is b(20)?
-7
Let s(z) = 14*z - 377. Calculate s(26).
-13
Let g(m) = -m**3 + 87*m**2 - 254*m + 106. What is g(84)?
-62
Let a(k) = -2*k**2 - 196*k + 8653. What is a(33)?
7
Let i(u) = 575*u + 4594. What is i(-8)?
-6
Let z(j) = -j**3 - 8*j**2 - 276*j - 1577. Calculate z(-6).
7
Let a(q) = -q**3 - 31*q**2 + 22*q - 34. What is a(-32)?
286
Let h(b) = 14*b - 59. Give h(8).
53
Let i(u) = -u**3 - 4*u**2 + 24*u + 26. Give i(-1).
-1
Let i(l) = -l**3 + 36*l - 4. Calculate i(-6).
-4
Let h(i) = 18*i + 254. What is h(-19)?
-88
Let k(q) = -7*q**2 - 27. Give k(-4).
-139
Let g(j) = 31*j + 61. Give g(-2).
-1
Let y(m) = 357*m + 9988. Calculate y(-28).
-8
Let n(h) = 876*h - 792. What is n(1)?
84
Let x(k) = -6*k**2 + 12*k + 14. Calculate x(-1).
-4
Let i(z) = z**2 - 2*z + 6. What is i(-17)?
329
Let v(i) = -3*i**3 - 75*i**2 - 57*i - 75. What is v(-24)?
-435
Let k(r) = r**3 - 6*r**2 + 45*r - 222. Calculate k(6).
48
Let h(b) = -b**3 + 14*b**2 + b - 49. Determine h(14).
-35
Let r(t) = 44*t + 2677. What is r(-61)?
-7
Let g(c) = -3*c - 156. Determine g(-44).
-24
Let y(l) = 6*l - 59. Determine y(10).
1
Let w(n) = -31*n + 21. Calculate w(-7).
238
Let n(c) = -5*c**3 - 11*c**2 - 18*c + 30. Determine n(-4).
246
Let m(v) = 495*v + 551. Give m(-1).
56
Let u(p) = p**3 + 117*p**2 + 117*p + 122. What is u(-116)?
6
Let n(i) = -13*i**3 + 247*i**2 + i + 54. Calculate n(19).
73
Let i(t) = -8*t + 102. What is i(23)?
-82
Let m(t) = 9*t**2 - 95*t + 48. Give m(10).
-2
Let m(r) = -r**3 + 14*r**2 - 8*r - 58. Give m(13).
7
Let h(w) = w**3 - 11*w**2 - 6*w + 158. Calculate h(10).
-2
Let a(s) = -43*s + 21. Calculate a(6).
-237
Let x(s) = 10*s + 282. Calculate x(-13).
152
Let m(f) = f**3 + 4*f**2 + 13*f - 11. Give m(1).
7
Let v(s) = s**3 + 29*s**2 - 32*s + 178. Give v(-30).
238
Let m(u) = -1652*u - 3283. What is m(-2)?
21
Let k(p) = 3*p**3 - 146*p**2 + 1070*p + 17. Calculate k(9).
8
Let c(i) = -i**3 - 7*i**2 + 39*i + 197. Calculate c(-9).
8
Let c(k) = -30*k**2 - 12*k - 11. Give c(-1).
-29
Let c(f) = f**2 + 73*f + 1385. What is c(-31)?
83
Let i(p) = 3*p + 98. What is i(-13)?
59
Let c(x) = -71*x - 7. Give c(-1).
64
Let u(v) = -2*v**3 - 8*v**2 - 7*v + 13. Give u(1).
-4
Let g(f) = -11*f**3 - 41*f**2 - 21*f + 1. Calculate g(-3).
-8
Let f(k) = -164*k - 2482. Calculate f(-15).
-22
Let y(b) = 5*b**2 + 25*b - 79. What is y(8)?
441
Let s(w) = -1096*w + 62467. Determine s(57).
-5
Let f(j) = 1044*j + 3123. What is f(-3)?
-9
Let z(v) = 11*v - 292. What is z(30)?
38
Let f(r) = -9*r**2 + 53*r + 18. What is f(7)?
-52
Let u(s) = -s**3 - 22*s**2 + 29*s + 128. Give u(-24).
584
Let p(d) = 740*d + 30344. What is p(-41)?
4
Let a(n) = -8*n**2 - 1684*n - 2481. Determine a(-209).
27
Let k(u) = u**2 - 25*u + 105. Give k(19).
-9
Let q(c) = 2*c**2 + 83*c + 781. What is q(-27)?
-2
Let c(g) = -5*g**3 + 254*g**2 + 47*g + 73. What is c(51)?
-131
Let l(c) = -c**2 - 33*c + 637. Calculate l(13).
39
Let m(z) = 189*z + 936. Determine m(-5).
-9
Let t(n) = n**2 - 27*n - 255. What is t(34)?
-17
Let x(u) = 226*u - 1361. Determine x(6).
-5
Let j(g) = 144*g + 8. Calculate j(1).
152
Let b(d) = -d**2 + 30*d + 1021. Calculate b(-22).
-123
Let b(i) = 26*i**2 - 5*i - 59. Determine b(-3).
190
Let c(t) = 12*t**2 - 11. Give c(3).
97
Let k(x) = x**3 - 70*x**2 + 354*x - 15. Determine k(5).
130
Let x(d) = 2*d**2 + 1706*d - 26034. Calculate x(15).
6
Let h(q) = 2*q**2 - 73*q - 519. What is h(-6)?
-9
Let d(c) = 3815*c - 3818. What is d(1)?
-3
Let z(b) = b**3 + 37*b**2 + 73*b + 1403. Calculate z(-36).
71
Let s(q) = -336*q - 2686. Determine s(-8).
2
Let x(k) = -k**3 - 48*k**2 + 102*k + 90. Calculate x(-50).
-10
Let m(x) = 6*x**2 + 88*x + 14. Give m(-12).
-178
Let g(t) = -2393*t - 2399. What is g(-1)?
-6
Let z(g) = -g**2 - 54*g + 278. What is z(5)?
-17
Let t(b) = -b**2 - 48*b + 65. Give t(-49).
16
Let k(b) = 2*b**2 - 80*b - 131. Calculate k(45).
319
Let q(b) = b**3 + 51*b**2 + 6*b + 304. Give q(-51).
-2
Let u(m) = -6*m**2 - 58*m + 23. Give u(-10).
3
Let a(r) = r**2 + 94*r - 10554. Calculate a(-160).
6
Let k(b) = 2*b**3 - 22*b**2 - 60*b + 119. Calculate k(13).
15
Let t(b) = -b**3 + 58*b**2 - 125*b + 69. Determine t(56).
-659
Let n(y) = 40*y**2 + 344*y + 227. Give n(-8).
35
Let w(g) = 2*g**2 + 16*g - 67. What is w(-10)?
-27
Let o(k) = 3*k**3 + 3*k**2 + 7*k + 56. Give o(-4).
-116
Let g(v) = -4*v**3 + 19*v**2 - 528*v + 2063. Give g(4).
-1
Let g(n) = 2*n**3 + 76*n**2 + 146*n + 54. Give g(-36).
-18
Let x(m) = 3*m**3 + 137*m**2 - 41*m - 18. Determine x(-46).
-248
Let l(s) = -s**2 + 37*s - 100. What is l(13)?
212
Let d(k) = -120*k**3 - 2*k**2 - 6*k + 8. What is d(1)?
-120
Let n(o) = -627*o + 16923. G